, 5, 17, 71
List the prime factors of 1620589.
1620589
What are the prime factors of 2089040?
2, 5, 26113
What are the prime factors of 381920?
2, 5, 7, 11, 31
List the prime factors of 4836294.
2, 3, 89561
What are the prime factors of 22231479?
3, 7410493
List the prime factors of 2047865.
5, 409573
List the prime factors of 780824.
2, 11, 19, 467
List the prime factors of 14090295.
3, 5, 107, 8779
What are the prime factors of 10363498?
2, 29, 178681
What are the prime factors of 64431?
3, 7159
What are the prime factors of 19726627?
107, 1723
List the prime factors of 581710.
2, 5, 58171
What are the prime factors of 11877861?
3, 3959287
List the prime factors of 918388.
2, 439, 523
List the prime factors of 7194919.
7194919
What are the prime factors of 4903485?
3, 5, 23, 61, 233
List the prime factors of 137038.
2, 11, 6229
What are the prime factors of 2665384?
2, 59, 5647
What are the prime factors of 20699569?
11, 19, 99041
What are the prime factors of 1442845?
5, 59, 67, 73
What are the prime factors of 217196?
2, 7, 7757
List the prime factors of 9905412.
2, 3, 11, 75041
What are the prime factors of 258389?
258389
List the prime factors of 215624.
2, 26953
What are the prime factors of 816857?
816857
What are the prime factors of 4134154?
2, 149, 13873
What are the prime factors of 11072526?
2, 3, 1845421
List the prime factors of 453212.
2, 29, 3907
What are the prime factors of 409640?
2, 5, 7, 11, 19
List the prime factors of 661132.
2, 197, 839
List the prime factors of 6504635.
5, 1300927
List the prime factors of 4015113.
3, 1338371
List the prime factors of 1680798.
2, 3, 7, 5717
List the prime factors of 239851.
239851
List the prime factors of 727654.
2, 47, 7741
What are the prime factors of 11063491?
19, 113, 5153
List the prime factors of 173160.
2, 3, 5, 13, 37
List the prime factors of 2865097.
2865097
What are the prime factors of 349766?
2, 179, 977
What are the prime factors of 149005?
5, 17, 1753
List the prime factors of 542694.
2, 3, 151, 599
What are the prime factors of 259893?
3, 67, 431
What are the prime factors of 809969?
367, 2207
What are the prime factors of 29235?
3, 5, 1949
List the prime factors of 1029481.
1029481
List the prime factors of 982750.
2, 5, 3931
List the prime factors of 993621.
3, 331207
What are the prime factors of 72329?
151, 479
List the prime factors of 1020425.
5, 7, 17
What are the prime factors of 40751?
40751
List the prime factors of 1138135.
5, 227627
List the prime factors of 26859934.
2, 13429967
What are the prime factors of 1756579?
11, 23, 53, 131
List the prime factors of 60121.
59, 1019
What are the prime factors of 2356288?
2, 11, 3347
What are the prime factors of 158447?
23, 83
List the prime factors of 981944.
2, 122743
List the prime factors of 5554197.
3, 11, 18701
What are the prime factors of 155715?
3, 5, 7, 1483
List the prime factors of 228118.
2, 11, 10369
What are the prime factors of 37087690?
2, 5, 37, 100237
List the prime factors of 2145692.
2, 536423
List the prime factors of 629490.
2, 3, 5, 20983
What are the prime factors of 270020?
2, 5, 23, 587
What are the prime factors of 108814?
2, 41, 1327
What are the prime factors of 7862907?
3, 13, 37, 5449
What are the prime factors of 2312138?
2, 211, 5479
What are the prime factors of 332836?
2, 7, 11887
What are the prime factors of 663185?
5, 132637
What are the prime factors of 411921?
3, 37, 1237
List the prime factors of 3109784.
2, 23, 16901
List the prime factors of 10426763.
17, 19, 1699
List the prime factors of 980962.
2, 490481
List the prime factors of 12428548.
2, 11, 43, 6569
What are the prime factors of 437910?
2, 3, 5, 11, 1327
What are the prime factors of 2316654?
2, 3, 42901
List the prime factors of 3800805.
3, 5, 253387
List the prime factors of 18547760.
2, 5, 7, 11, 3011
What are the prime factors of 6153?
3, 7, 293
What are the prime factors of 588635?
5, 117727
What are the prime factors of 14259812?
2, 7, 251, 2029
What are the prime factors of 71407?
7, 101
What are the prime factors of 1977412?
2, 494353
List the prime factors of 73467.
3, 907
What are the prime factors of 712773?
3, 26399
List the prime factors of 3915.
3, 5, 29
List the prime factors of 413451.
3, 15313
What are the prime factors of 244523?
439, 557
List the prime factors of 37349.
13, 17
What are the prime factors of 75124?
2, 7, 2683
List the prime factors of 2418.
2, 3, 13, 31
What are the prime factors of 2674332?
2, 3, 74287
What are the prime factors of 23361279?
3, 19, 233, 1759
List the prime factors of 104648.
2, 103, 127
List the prime factors of 724619.
7, 61, 1697
What are the prime factors of 23448783?
3, 59, 137, 967
List the prime factors of 112748.
2, 71, 397
List the prime factors of 1565381.
1565381
List the prime factors of 305558.
2, 11, 17, 19, 43
What are the prime factors of 4193400?
2, 3, 5, 29, 241
List the prime factors of 162022.
2, 7, 71, 163
List the prime factors of 1048436.
2, 262109
What are the prime factors of 2138533?
401, 5333
What are the prime factors of 178037?
178037
List the prime factors of 197338.
2, 98669
What are the prime factors of 55429?
11, 5039
List the prime factors of 6489391.
751, 8641
What are the prime factors of 4901117?
13, 17, 67, 331
What are the prime factors of 1067314?
2, 53, 10069
List the prime factors of 629740.
2, 5, 23, 37
List the prime factors of 741744.
2, 3, 17, 101
List the prime factors of 8543835.
3, 5, 29, 6547
List the prime factors of 424222.
2, 47, 4513
List the prime factors of 7617122.
2, 17, 224033
What are the prime factors of 12965103?
3, 67, 2389
List the prime factors of 358695.
3, 5, 2657
What are the prime factors of 18118170?
2, 3, 5, 7, 28759
What are the prime factors of 10657983?
3, 7, 507523
What are the prime factors of 400700?
2, 5, 4007
List the prime factors of 1940448.
2, 3, 17, 29, 41
List the prime factors of 2904544.
2, 139, 653
List the prime factors of 2564412.
2, 3, 29, 7369
List the prime factors of 4410629.
193, 22853
What are the prime factors of 722705?
5, 144541
List the prime factors of 44983.
44983
List the prime factors of 233448.
2, 3, 71, 137
List the prime factors of 1023750.
2, 3, 5, 7, 13
What are the prime factors of 5547129?
3, 7, 43, 6143
List the prime factors of 500332.
2, 7, 107, 167
List the prime factors of 2811396.
2, 3, 7, 33469
List the prime factors of 1743954.
2, 3, 290659
List the prime factors of 3509295.
3, 5, 179, 1307
List the prime factors of 25146158.
2, 19, 661741
List the prime factors of 4491609.
3, 127, 11789
What are the prime factors of 8206615?
5, 1641323
List the prime factors of 31256760.
2, 3, 5, 41, 6353
List the prime factors of 213013.
277, 769
What are the prime factors of 8771836?
2, 137, 16007
What are the prime factors of 153595?
5, 13, 17, 139
What are the prime factors of 9043496?
2, 7, 11, 53, 277
List the prime factors of 2257770.
2, 3, 5, 17, 19, 233
What are the prime factors of 942492?
2, 3, 78541
List the prime factors of 10317590.
2, 5, 1031759
What are the prime factors of 383479?
23, 16673
What are the prime factors of 9978573?
3, 11, 23, 13147
List the prime factors of 2169303.
3, 723101
What are the prime factors of 26404?
2, 7, 23, 41
What are the prime factors of 48148?
2, 12037
What are the prime factors of 826658?
2, 7, 137, 431
What are the prime factors of 2107500?
2, 3, 5, 281
List the prime factors of 3394.
2, 1697
List the prime factors of 373814.
2, 7, 26701
List the prime factors of 18415300.
2, 5, 184153
What are the prime factors of 116529?
3, 7, 31, 179
What are the prime factors of 8509331?
8509331
List the prime factors of 3552170.
2, 5, 101, 3517
What are the prime factors of 1976929?
1976929
List the prime factors of 657884.
2, 164471
List the prime factors of 4769543.
29, 163, 1009
List the prime factors of 2504544.
2, 3, 7, 3727
What are the prime factors of 28839874?
2, 7, 109, 18899
List the prime factors of 2473852.
2, 618463
List the prime factors of 6023298.
2, 3, 991, 1013
What are the prime factors of 9779295?
3, 5, 53, 12301
What are the prime factors of 238563?
3, 13, 2039
What are the prime factors of 62095?
5, 11, 1129
List the prime factors of 10388313.
3, 13, 88789
What are the prime factors of 348475?
5